228379171 prime?
False
Is 5368261 prime?
True
Is 25385618 a prime number?
False
Is 905081 a prime number?
False
Is 261062479 a composite number?
True
Is 363847423 composite?
True
Is 5062159 a composite number?
True
Is 1045034 a prime number?
False
Is 220281533 composite?
False
Is 74136989 prime?
False
Is 2249777 a composite number?
True
Is 9343979 composite?
True
Is 447383 prime?
False
Is 48994919 a prime number?
False
Is 207697159 prime?
False
Is 6597431 a prime number?
True
Is 389099 a prime number?
True
Is 554259 a prime number?
False
Is 454199 a prime number?
True
Is 14051461 a prime number?
True
Is 11067947 prime?
False
Is 59155163 a composite number?
False
Is 96770599 a prime number?
True
Is 223404161 a composite number?
False
Is 178502797 a composite number?
True
Is 3055573 a composite number?
True
Is 12230789 prime?
True
Is 7668449 a prime number?
True
Is 537063 a composite number?
True
Is 127855373 a prime number?
True
Is 462228077 a prime number?
True
Is 6129757 a composite number?
True
Is 29844571 composite?
True
Is 5964293 prime?
True
Is 415171189 a composite number?
True
Is 13017673 composite?
True
Is 17530771 a composite number?
False
Is 1637813 a prime number?
True
Is 5567377 a composite number?
True
Is 14687711 a composite number?
True
Is 202631251 prime?
False
Is 5900189 prime?
True
Is 2584693 composite?
False
Is 65416123 a prime number?
True
Is 399186761 a composite number?
False
Is 9465563 a composite number?
True
Is 34628005 a composite number?
True
Is 201389 a prime number?
True
Is 9430547 a composite number?
True
Is 38580163 a prime number?
False
Is 23533177 prime?
True
Is 60305431 a prime number?
False
Is 77300031 prime?
False
Is 960067 composite?
True
Is 593531143 composite?
True
Is 11619611 a composite number?
True
Is 191575957 a composite number?
False
Is 2540773 a composite number?
True
Is 269355821 prime?
False
Is 12268909 a composite number?
True
Is 60514643 a prime number?
False
Is 3464471 composite?
False
Is 564033137 prime?
False
Is 16513243 a prime number?
False
Is 4748089 a prime number?
False
Is 77335081 composite?
False
Is 412637 prime?
True
Is 376231 composite?
False
Is 10948699 prime?
True
Is 101265391 a composite number?
False
Is 205289537 prime?
True
Is 1852559 a prime number?
True
Is 15293185 a prime number?
False
Is 86386411 a composite number?
True
Is 5483161 composite?
True
Is 3231867 a composite number?
True
Is 9527747 composite?
True
Is 4811713 a prime number?
True
Is 167390282 a composite number?
True
Is 76651823 a prime number?
True
Is 39719703 a composite number?
True
Is 9019187 composite?
True
Is 155689 a composite number?
False
Is 11733681 composite?
True
Is 2827577 a prime number?
False
Is 717512059 composite?
True
Is 15544687 a prime number?
True
Is 349407883 a prime number?
False
Is 294423761 prime?
False
Is 2745251 composite?
False
Is 14107283 prime?
False
Is 47815819 prime?
False
Is 603877147 a prime number?
False
Is 28643171 a prime number?
False
Is 4050161 composite?
False
Is 11606041 a composite number?
False
Is 190975211 prime?
False
Is 287959457 composite?
True
Is 218673419 a prime number?
False
Is 10198091 composite?
True
Is 4727039 a composite number?
True
Is 7572359 prime?
False
Is 457547 prime?
True
Is 51609001 a prime number?
True
Is 3165941 composite?
False
Is 27883379 a prime number?
False
Is 772019 a composite number?
False
Is 35942279 composite?
True
Is 174039787 a prime number?
True
Is 1290269 prime?
False
Is 32717543 prime?
True
Is 6725803 prime?
False
Is 114501017 composite?
False
Is 245622395 a composite number?
True
Is 74878955 a composite number?
True
Is 7860247 composite?
True
Is 6652501 composite?
False
Is 2020979 a composite number?
False
Is 463723 prime?
False
Is 701112809 a composite number?
True
Is 1929391 prime?
False
Is 8281367 a composite number?
False
Is 62533 a composite number?
False
Is 11018603 a composite number?
True
Is 44446669 a composite number?
False
Is 105171641 composite?
False
Is 159338713 prime?
True
Is 10919057 a prime number?
False
Is 93119093 a composite number?
False
Is 192509089 a prime number?
False
Is 132005173 prime?
True
Is 51053179 prime?
False
Is 17126061 a composite number?
True
Is 2547403 a composite number?
True
Is 6774679 a composite number?
True
Is 28328117 composite?
False
Is 8824517 composite?
True
Is 13317683 composite?
True
Is 6821663 a prime number?
True
Is 5222719 a prime number?
True
Is 1101481 a composite number?
True
Is 13437049 a composite number?
False
Is 938437 composite?
False
Is 41900843 composite?
True
Is 15779299 a prime number?
True
Is 1081477 a prime number?
True
Is 6882873 a composite number?
True
Is 92353841 prime?
True
Is 595759 a composite number?
True
Is 42441479 a composite number?
True
Is 12721477 a composite number?
False
Is 163239793 prime?
False
Is 1030859 a prime number?
False
Is 20924887 prime?
True
Is 64219 a prime number?
False
Is 205796705 a composite number?
True
Is 2917289 composite?
False
Is 1883858 prime?
False
Is 1298111 prime?
True
Is 245328337 prime?
False
Is 7513153 prime?
True
Is 1255499 composite?
True
Is 1700362 a prime number?
False
Is 229515397 a prime number?
False
Is 20725109 a prime number?
False
Is 39339722 prime?
False
Is 736757 prime?
False
Is 12676071 composite?
True
Is 881281 composite?
True
Is 1430707 a prime number?
True
Is 157137017 a prime number?
True
Is 15401777 a composite number?
False
Is 13357927 a prime number?
False
Is 9615847 a prime number?
False
Is 135114807 a composite number?
True
Is 226654 prime?
False
Is 10620417 prime?
False
Is 63692821 a composite number?
False
Is 2834827 a composite number?
True
Is 66956593 prime?
False
Is 80372771 a prime number?
False
Is 21930329 composite?
False
Is 1453597 a prime number?
True
Is 307023547 prime?
False
Is 54476603 composite?
False
Is 5474381 a composite number?
True
Is 120380419 a prime number?
True
Is 19060921 composite?
True
Is 1314143 a prime number?
True
Is 780677713 prime?
True
Is 67255 prime?
False
Is 29344753 prime?
True
Is 6059101 composite?
True
Is 652381561 a prime number?
False
Is 10751599 prime?
False
Is 3000589 composite?
True
Is 243227 prime?
True
Is 13496867 a composite number?
True
Is 5546341 a prime number?
False
Is 9292247 a composite number?
True
Is 86255447 prime?
True
Is 5946401 prime?
True
Is 9647317 prime?
True
Is 3984481 a prime number?
False
Is 50251681 composite?
False
Is 24879893 composite?
True
Is 18015341 a composite number?
True
Is 12638107 a prime number?
False
Is 12007027 a prime number?
True
Is 541099243 composite?
False
Is 1485101 a composite number?
False
Is 1854487 prime?
True
Is 83733137 prime?
True
Is 970459 a composite number?
True
Is 14015591 prime?
True
Is 13841777 a prime number?
True
Is 2304389 a prime number?
True
Is 2801769 a composite number?
True
Is 10292221 a prime number?
True
Is 3540583 a prime number?
True
Is 23657759 composite?
True
Is 1491437 a prime number?
True
Is 36441721 prime?
True
Is 3218279 prime?
True
Is 145597829 prime?
False
Is 221494633 a prime number?
True
Is 1154041163 a composite number?
True
Is 646823 prime?
True
Is 2952203 prime?
False
Is 2772617 a prime number?
False
Is 10247389 a composite number?
True
Is 107441 prime?
True
Is 83726507 a composite number?
False
Is 37434563 a prime number?
False
Is 408329 a prime number?
False
Is 116401 a prime number?
False
Is 202884789 a composite number?
True
Is 6228193 a composite number?
True
Is 936107 prime?
False
Is 11226099 a prime number?
False
Is 113149 a prime number?
True
Is 3637331 a prime number?
True
Is 357010567 a prime number?
True
Is 9268739 a prime number?
True
Is 2473777 a prime number?
True
Is 6260563 a prime number?
False
Is 9573943 a composite number?
True
Is 17634889 prime?
True
Is 97251803 prime?
False
Is 13836859 composite?
True
Is 860689 a composite number?
False
Is 44118793 composite?
False
Is 7303731 a composite number?
True
Is 50089129 a composite number?
False
Is 111933637 prime?
True
Is 134875883 composite?
False
Is 7663871 prime?
True
Is 113330717 prime?
True
Is 125706863 a prime number?
False
Is 100256719 a composite number?
False
Is 155861 composite?
False
Is 4107034 a prime number?
False
Is 168989 composite?
True
Is 13346429 composite?
False
Is 2191787 a prime number?
False
Is 4